{"id":125,"date":"2020-09-16T14:57:26","date_gmt":"2020-09-16T12:57:26","guid":{"rendered":"http:\/\/muzeumtatrzanskie.pl\/tjaktytus\/?page_id=125"},"modified":"2020-10-20T18:19:02","modified_gmt":"2020-10-20T16:19:02","slug":"wedrowki","status":"publish","type":"page","link":"https:\/\/muzeumtatrzanskie.pl\/tjaktytus\/wedrowki\/","title":{"rendered":"Tatrza\u0144skie wyprawy doktora Tytusa Cha\u0142ubi\u0144skiego"},"content":{"rendered":"\n<div class=\"wp-block-columns\">\n<div class=\"wp-block-column\">\r\n<div class=\"feature__block__item\" data-aos=\"zoom-in\" data-aos-delay=\"500\" data-aos-offset=\"0\">\r\n    <h2>1-3 sierpnia<\/h2>\r\n    <a class=\"btn lnr\" href=\"http:\/\/muzeumtatrzanskie.pl\/tjaktytus\/journey\/wedrowka-1\/\"\r\n        target=\"_self\">Zobacz map\u0119<\/a>\r\n    <div class=\"feature__block__item__img\">\r\n        <div class=\"feature__block__item__img__img\" style=\"background:url(https:\/\/muzeumtatrzanskie.pl\/tjaktytus\/wp-content\/uploads\/2020\/10\/02_1875_Tytus-Chalubinski-z-przewodnikami_ok-1875_AFMT25920-2-300x220.jpg)\">\r\n\r\n        <\/div>\r\n    <\/div>\r\n<\/div><\/div>\n\n\n\n<div class=\"wp-block-column\">\r\n<div class=\"feature__block__item\" data-aos=\"zoom-in\" data-aos-delay=\"500\" data-aos-offset=\"0\">\r\n    <h2>13-15 sierpnia<\/h2>\r\n    <a class=\"btn lnr\" href=\"http:\/\/muzeumtatrzanskie.pl\/tjaktytus\/journey\/przebieg-wycieczki-numer-2\/\"\r\n        target=\"_self\">Zobacz map\u0119<\/a>\r\n    <div class=\"feature__block__item__img\">\r\n        <div class=\"feature__block__item__img__img\" style=\"background:url(https:\/\/muzeumtatrzanskie.pl\/tjaktytus\/wp-content\/uploads\/2020\/10\/AF_11429_VI_006-lekkieth-300x300.jpg)\">\r\n\r\n        <\/div>\r\n    <\/div>\r\n<\/div><\/div>\n<\/div>\n","protected":false},"excerpt":{"rendered":"","protected":false},"author":3,"featured_media":0,"parent":0,"menu_order":0,"comment_status":"closed","ping_status":"closed","template":"journey.php","meta":[],"_links":{"self":[{"href":"https:\/\/muzeumtatrzanskie.pl\/tjaktytus\/wp-json\/wp\/v2\/pages\/125"}],"collection":[{"href":"https:\/\/muzeumtatrzanskie.pl\/tjaktytus\/wp-json\/wp\/v2\/pages"}],"about":[{"href":"https:\/\/muzeumtatrzanskie.pl\/tjaktytus\/wp-json\/wp\/v2\/types\/page"}],"author":[{"embeddable":true,"href":"https:\/\/muzeumtatrzanskie.pl\/tjaktytus\/wp-json\/wp\/v2\/users\/3"}],"replies":[{"embeddable":true,"href":"https:\/\/muzeumtatrzanskie.pl\/tjaktytus\/wp-json\/wp\/v2\/comments?post=125"}],"version-history":[{"count":44,"href":"https:\/\/muzeumtatrzanskie.pl\/tjaktytus\/wp-json\/wp\/v2\/pages\/125\/revisions"}],"predecessor-version":[{"id":4669,"href":"https:\/\/muzeumtatrzanskie.pl\/tjaktytus\/wp-json\/wp\/v2\/pages\/125\/revisions\/4669"}],"wp:attachment":[{"href":"https:\/\/muzeumtatrzanskie.pl\/tjaktytus\/wp-json\/wp\/v2\/media?parent=125"}],"curies":[{"name":"wp","href":"https:\/\/api.w.org\/{rel}","templated":true}]}}