{"id":15,"date":"2020-09-03T20:00:43","date_gmt":"2020-09-03T18:00:43","guid":{"rendered":"http:\/\/muzeumtatrzanskie.pl\/tjaktytus\/?page_id=15"},"modified":"2020-10-09T09:36:00","modified_gmt":"2020-10-09T07:36:00","slug":"glowna","status":"publish","type":"page","link":"https:\/\/muzeumtatrzanskie.pl\/tjaktytus\/glowna\/","title":{"rendered":"G\u0142\u00f3wna"},"content":{"rendered":"\n<div class=\"wp-block-columns\">\n<div class=\"wp-block-column col-12 col-md-6\" style=\"flex-basis:50%\">\r\n<div class=\"feature__block__item\" data-aos=\"zoom-in\" data-aos-delay=\"500\" data-aos-offset=\"0\">\r\n<a href=\"http:\/\/muzeumtatrzanskie.pl\/tjaktytus\/calendar\/\" target=\"_self\">\r\n    <div class=\"feature__block__item__img\">\r\n  \r\n\t\t<div class=\"feature__block__item__img__img\" style=\"background:url(https:\/\/muzeumtatrzanskie.pl\/tjaktytus\/wp-content\/uploads\/2020\/09\/01_1873_Dr._Tytus_Chalubinski_58640-300x269.jpg)\">\t\t\r\n\t\t<\/div>\r\n    <\/div>\r\n    <\/a>\r\n    <h2>Kalendarium<\/h2>\r\n    <a class=\"btn lnr\" href=\"http:\/\/muzeumtatrzanskie.pl\/tjaktytus\/calendar\/\" target=\"_self\">Kalendarium<\/a>\r\n<\/div>\n\n\r\n<div class=\"feature__block__item\" data-aos=\"zoom-in\" data-aos-delay=\"500\" data-aos-offset=\"0\">\r\n<a href=\"http:\/\/muzeumtatrzanskie.pl\/tjaktytus\/wedrowki\/\" target=\"_self\">\r\n    <div class=\"feature__block__item__img\">\r\n  \r\n\t\t<div class=\"feature__block__item__img__img\" style=\"background:url(https:\/\/muzeumtatrzanskie.pl\/tjaktytus\/wp-content\/uploads\/2020\/09\/1-4.svg)\">\t\t\r\n\t\t<\/div>\r\n    <\/div>\r\n    <\/a>\r\n    <h2>W\u0119dr\u00f3wki<\/h2>\r\n    <a class=\"btn lnr\" href=\"http:\/\/muzeumtatrzanskie.pl\/tjaktytus\/wedrowki\/\" target=\"_self\">Zobacz map\u0119<\/a>\r\n<\/div>\n\n\r\n<div class=\"feature__block__item\" data-aos=\"zoom-in\" data-aos-delay=\"500\" data-aos-offset=\"0\">\r\n<a href=\"http:\/\/muzeumtatrzanskie.pl\/tjaktytus\/zbiory\/\" target=\"_self\">\r\n    <div class=\"feature__block__item__img\">\r\n  \r\n\t\t<div class=\"feature__block__item__img__img\" style=\"background:url(https:\/\/muzeumtatrzanskie.pl\/tjaktytus\/wp-content\/uploads\/2020\/09\/thumb-300x225.jpg)\">\t\t\r\n\t\t<\/div>\r\n    <\/div>\r\n    <\/a>\r\n    <h2>Zbiory<\/h2>\r\n    <a class=\"btn lnr\" href=\"http:\/\/muzeumtatrzanskie.pl\/tjaktytus\/zbiory\/\" target=\"_self\">Odkrywaj zbiory<\/a>\r\n<\/div><\/div>\n\n\n\n<div class=\"wp-block-column col-12 col-md-6\" style=\"flex-basis:50%\">\r\n<div class=\"feature__block__item\" data-aos=\"zoom-in\" data-aos-delay=\"500\" data-aos-offset=\"0\">\r\n<a href=\"http:\/\/muzeumtatrzanskie.pl\/tjaktytus\/zakopane\/\" target=\"_self\">\r\n    <div class=\"feature__block__item__img\">\r\n  \r\n\t\t<div class=\"feature__block__item__img__img\" style=\"background:url(https:\/\/muzeumtatrzanskie.pl\/tjaktytus\/wp-content\/uploads\/2020\/09\/AFN_436_U.-Krupowki_Zakopane-1-300x224.jpg)\">\t\t\r\n\t\t<\/div>\r\n    <\/div>\r\n    <\/a>\r\n    <h2>Zakopane- \u015bladami Cha\u0142ubi\u0144skiego<\/h2>\r\n    <a class=\"btn lnr\" href=\"http:\/\/muzeumtatrzanskie.pl\/tjaktytus\/zakopane\/\" target=\"_self\">Zobacz map\u0119<\/a>\r\n<\/div>\n\n\r\n<div class=\"feature__block__item\" data-aos=\"zoom-in\" data-aos-delay=\"500\" data-aos-offset=\"0\">\r\n<a href=\"http:\/\/muzeumtatrzanskie.pl\/tjaktytus\/tree\/\" target=\"_self\">\r\n    <div class=\"feature__block__item__img\">\r\n  \r\n\t\t<div class=\"feature__block__item__img__img\" style=\"background:url(https:\/\/muzeumtatrzanskie.pl\/tjaktytus\/wp-content\/uploads\/2020\/09\/MG_43961-300x257.jpg)\">\t\t\r\n\t\t<\/div>\r\n    <\/div>\r\n    <\/a>\r\n    <h2>Drzewo genealogiczne<\/h2>\r\n    <a class=\"btn lnr\" href=\"http:\/\/muzeumtatrzanskie.pl\/tjaktytus\/tree\/\" target=\"_self\">Zobacz drzewo<\/a>\r\n<\/div>\n\n\r\n<div class=\"feature__block__item\" data-aos=\"zoom-in\" data-aos-delay=\"500\" data-aos-offset=\"0\">\r\n<a href=\"http:\/\/muzeumtatrzanskie.pl\/tjaktytus\/zbiory\/?kategoria=zdjecia\" target=\"_self\">\r\n    <div class=\"feature__block__item__img\">\r\n  \r\n\t\t<div class=\"feature__block__item__img__img\" style=\"background:url(https:\/\/muzeumtatrzanskie.pl\/tjaktytus\/wp-content\/uploads\/2020\/09\/thumbzdjecia-300x225.jpg)\">\t\t\r\n\t\t<\/div>\r\n    <\/div>\r\n    <\/a>\r\n    <h2>Kolekcja zdj\u0119\u0107<\/h2>\r\n    <a class=\"btn lnr\" href=\"http:\/\/muzeumtatrzanskie.pl\/tjaktytus\/zbiory\/?kategoria=zdjecia\" target=\"_self\">Zobacz kolekcj\u0119<\/a>\r\n<\/div><\/div>\n<\/div>\n","protected":false},"excerpt":{"rendered":"","protected":false},"author":3,"featured_media":0,"parent":0,"menu_order":0,"comment_status":"closed","ping_status":"closed","template":"general.php","meta":[],"_links":{"self":[{"href":"https:\/\/muzeumtatrzanskie.pl\/tjaktytus\/wp-json\/wp\/v2\/pages\/15"}],"collection":[{"href":"https:\/\/muzeumtatrzanskie.pl\/tjaktytus\/wp-json\/wp\/v2\/pages"}],"about":[{"href":"https:\/\/muzeumtatrzanskie.pl\/tjaktytus\/wp-json\/wp\/v2\/types\/page"}],"author":[{"embeddable":true,"href":"https:\/\/muzeumtatrzanskie.pl\/tjaktytus\/wp-json\/wp\/v2\/users\/3"}],"replies":[{"embeddable":true,"href":"https:\/\/muzeumtatrzanskie.pl\/tjaktytus\/wp-json\/wp\/v2\/comments?post=15"}],"version-history":[{"count":83,"href":"https:\/\/muzeumtatrzanskie.pl\/tjaktytus\/wp-json\/wp\/v2\/pages\/15\/revisions"}],"predecessor-version":[{"id":3585,"href":"https:\/\/muzeumtatrzanskie.pl\/tjaktytus\/wp-json\/wp\/v2\/pages\/15\/revisions\/3585"}],"wp:attachment":[{"href":"https:\/\/muzeumtatrzanskie.pl\/tjaktytus\/wp-json\/wp\/v2\/media?parent=15"}],"curies":[{"name":"wp","href":"https:\/\/api.w.org\/{rel}","templated":true}]}}